is the remainder when c is divided by 142?
89
Let o = 200 - 111. Let v(z) = -48*z**3 - z**2 + 3*z - 2. Let y be v(1). Calculate the remainder when o is divided by (-2 - y)*(-8 - (-85)/10).
20
Let v(o) = 5*o**2 - 40*o + 401. Calculate the remainder when v(8) is divided by 4.
1
Suppose 2*s - 43 - 13 = 10. Calculate the remainder when 624 is divided by s.
30
Suppose 169 + 4130 = 85*j + 644. What is the remainder when 167 is divided by j?
38
Let j = 334 - 330. Let w = 17 + 18. Calculate the remainder when j/(((-8)/200)/(-1)) is divided by w.
30
Suppose 0 = -h + 56 + 9. Let p(b) = -5*b + 42. Let n be p(17). Let f = n + h. Calculate the remainder when f is divided by 6.
4
Suppose -3*t + 30100 = 4*a, a - 7538 = 14*t - 18*t. What is the remainder when a is divided by 99?
97
Suppose -3*j - 2*l = -1, -j - 6 = -3*j - 4*l. Let f be 3 + -4 + (231 - j). Suppose 719 = 8*h + f. What is the remainder when h is divided by 21?
19
Suppose -77*s - 5*w - 1349 = -80*s, -3*s = w - 1325. What is the remainder when s is divided by 124?
71
Let s = -2 - -43. Suppose i - 65 = -22*q + 19*q, 2*q - 2*i - 46 = 0. What is the remainder when s is divided by q?
19
Let q = -125 + 29. Let p = q + 124. Calculate the remainder when 107 is divided by p.
23
Suppose 1 = 5*c - 4, 3*c - 207 = -4*a. Suppose 4*d = -m + a, m + m = 4*d - 42. Let o(t) = 359*t - 326. What is the remainder when o(1) is divided by d?
9
Suppose 20 = -7*f + 8*f. Suppose -7*i - f = -9*i. Calculate the remainder when 83 is divided by (i - 9) + (-13)/(-1).
13
Suppose 186*f + 179*f = -75 + 691 + 4859. Suppose 0 = -2*h + 2*m - 50, 0*h - m = 3*h + 59. What is the remainder when (-2 + (-2 - h))*6 is divided by f?
12
Suppose 0 = -2*l - 154*z + 159*z + 229, 5*l - 730 = -5*z. What is the remainder when 5478 is divided by l?
135
Let q = -12149 + 12154. Let d be 1*71*2/2. Suppose -4*h + 3*k = -d, q*h - 2*k = -k + 86. Calculate the remainder when 50 is divided by h.
16
Suppose 3*q = -4*m + 77, 1 = -3*q + 2*m + 48. Calculate the remainder when 282 is divided by q.
16
Let f(x) = -x**2 - 31*x + 38. Let u be f(-31). Suppose -p + 4*q + 448 = 0, -4*p + q = -1815 + u. Calculate the remainder when p is divided by 16.
12
What is the remainder when 102 is divided by 15/35*(-56)/(-3)?
6
Let j(d) = -3*d + 0*d**2 - d**2 - 18 + 18*d + 2*d**2. Let s = 19 - 13. What is the remainder when j(-17) is divided by s?
4
Suppose -k - 5*k + 132 = 0. Suppose k = 4*d + 6. Suppose -18 = -5*t + d*t. Calculate the remainder when 70 is divided by t.
16
Suppose -103*z + 28147 = 6208. Calculate the remainder when 569 is divided by z.
143
Suppose 22*w + 15 = 17*w, 0 = -2*c + 4*w + 194. What is the remainder when 516 is divided by c?
61
Let h = 6492 - 5705. Calculate the remainder when h is divided by 159.
151
Suppose 13*d - 10 = 11*d. Suppose 0*t - 302 = -4*t - z, -3*z = d*t - 374. What is the remainder when t is divided by 21?
13
Let s = -545 - -375. Let v = -105 - s. What is the remainder when v is divided by (-102)/3*(270/(-20) + 13)?
14
Suppose -h + 9 = 2*k - 2*h, 4*k - 14 = -2*h. Calculate the remainder when 43 is divided by -2 - -6 - (-36)/k.
4
Let c = 48025 - 47975. What is the remainder when 3813 is divided by c?
13
Suppose 5*k - d - 1275 = 0, -k - 2*d - 27 = -282. Calculate the remainder when k is divided by 15.
0
Let u = 11 - 7. Suppose u*m - 59 = -15. Let p(s) = s**3 - 77*s**2 + 138*s + 919. Calculate the remainder when p(75) is divided by m.
8
Suppose -183*u = -180*u - 4*f - 570, 3*f + 573 = 3*u. What is the remainder when u is divided by (-1)/2*-23*2?
10
Let b(w) = w**3 - 8*w**2 - 16*w + 15. Let p be 3 - (-55)/(4 - -1) - 4. Calculate the remainder when 383 is divided by b(p).
53
Let w be -1*(-3 - -4)*-36. Suppose t = -t + w. Let o = -228 + 299. Calculate the remainder when o is divided by t.
17
Let m = 6724 + -6714. What is the remainder when 2/5 - 3386/(-10) is divided by m?
9
Let j(m) = -4*m + 70. Let k(l) = -l**3 + 6*l**2 - 2*l - 13. Let u be k(4). Calculate the remainder when 89 is divided by j(u).
11
Suppose -3*b - 3*i + 1305 = 0, 0 = -108*b + 106*b - 5*i + 891. What is the remainder when b is divided by 9?
5
Let p(x) = -x**3 - 7*x**2 + 4*x - 29. Let c be p(-8). Suppose -116 = -c*s - n - 4*n, 5*n = -5*s + 190. What is the remainder when s is divided by 19?
18
Let s(t) = t + 18. Let w = 96 - 95. What is the remainder when 132 is divided by s(w)?
18
Suppose -21*b + 109 = -143. Let q = b + 73. Calculate the remainder when q is divided by 16.
5
Let r(x) = -154*x + 3960. Calculate the remainder when 835 is divided by r(24).
43
Suppose -5*k - 4*q - 148 = 0, 2*q = -5*k + q - 142. Let u(w) = w**3 + 14*w**2 + 36*w - 31. Calculate the remainder when (-1393)/k + 2/8 is divided by u(-10).
5
Suppose 252 = 3*i - 2*j - 673, i = 4*j + 335. What is the remainder when 14845 is divided by i?
301
Let v(w) = -w**3 - 9*w**2 - 17*w - 30. Let m be v(-6). Let n be (-1)/4 - (-597)/(-12). Let q = m - n. What is the remainder when 39 is divided by q?
11
Let p = 101 - 97. Suppose 0 = p*c + 14*c - 1404. Calculate the remainder when c is divided by 27.
24
Let c = 15123 + -15109. What is the remainder when 167 is divided by c?
13
Suppose -c + 40 = -j, 40 = -j - c + 5*c. Let m = j - -138. Let i = -61 + m. Calculate the remainder when 108 is divided by i.
34
Let s(d) be the first derivative of -d**2/2 + 143*d + 232. Calculate the remainder when s(7) is divided by 38.
22
Suppose -40*p = 45*p - 35190. Calculate the remainder when p is divided by 108.
90
Let t(z) = -z**2 - 16*z + 23. Suppose -3*k + 80 = 2*k. What is the remainder when t(-9) is divided by k?
6
Suppose -2130 = -2*i - 0*i + 2*p, 2*i = -p + 2130. Suppose -131*d - i = -146*d. Calculate the remainder when d is divided by 25.
21
Let x(p) = 103*p**2 - 198*p + 198. Suppose 19 = 2*j - 7. What is the remainder when x(1) is divided by j?
12
Suppose 27*h = 26*h + 10. Suppose 0*o = -5*o - h. What is the remainder when 47 is divided by 9 + 6 + 6/o?
11
Suppose -5*r + 3 - 18 = -4*s, 6 = -2*r - 3*s. Let x(h) = -14*h - 11. Let d(q) = -q. Let m(f) = -4*d(f) + x(f). What is the remainder when m(r) is divided by 10?
9
Suppose 3*a + a = -2*h + 626, -4*a + 641 = -3*h. Let n = a + 78. Let l = 332 - n. Calculate the remainder when l is divided by 28.
12
Let t = -9989 - -10620. What is the remainder when t is divided by 335?
296
Let o(f) = 357*f + 687. What is the remainder when 340 is divided by o(-1)?
10
Calculate the remainder when (23 - (-15 - -26)) + 2906 is divided by 43.
37
Suppose 0 = -871*z + 868*z + 1620. What is the remainder when 546 is divided by z?
6
Let g be (4 - 1 - 7)*-1. Suppose -196 = -g*n - 6*u + 4*u, -4*u + 192 = 4*n. Calculate the remainder when ((-441)/(-6) - 1)*2 is divided by n.
45
Suppose w - 5*p = 242, 2*w + 2*p - 880 = -2*w. Let g = w - 205. Calculate the remainder when 50 is divided by g.
16
Let x be 127/(-2)*-2*6/2. Let t = 411 - x. What is the remainder when t is divided by 2*(-3)/(-12)*22?
8
Suppose -215*a + 211*a = h - 25, -2*a + 20 = 2*h. What is the remainder when 2199 is divided by a?
4
Suppose 61*m + 4020 - 98961 - 28340 = 0. What is the remainder when m is divided by 88?
85
Suppose 17*y = 151*y - 536. Calculate the remainder when 56 is divided by y.
0
Suppose -651 = -32*t + t. Calculate the remainder when (-10)/(-45) + 68*20/36 is divided by t.
17
Let r = 143 - 146. Calculate the remainder when 51 is divided by 3 + r + 3 + -4 - -27.
25
Suppose 2*h + 2 = -5*k, 4*k + 67 - 105 = 2*h. Let q(i) = i**3 + 11*i**2 - 9*i + 33. Calculate the remainder when q(h) is divided by 17.
13
Suppose -4*n - 2*r = 2*r - 68, n - r - 27 = 0. Suppose -15 - 55 = -5*k + 3*i, k = -i + n. What is the remainder when (244/(-6))/((-6)/9) is divided by k?
10
Let c = -14880 - -16756. Calculate the remainder when c is divided by 20.
16
Suppose 0 = 19*z + 826 + 3468. Let x = -206 - z. Calculate the remainder when 219 is divided by x.
19
Suppose -5*y + 1970 = 230. Let d = -330 + y. What is the remainder when 33 is divided by d?
15
Let s = 7370 - 6885. Calculate the remainder when s is divided by 51.
26
Suppose 3*v + 26 = 2*g - v, -2*g - 4*v - 14 = 0. Suppose m + 1 = 0, -z = 2*z + g*m - 60. Let a = 39 - z. What is the remainder when a is divided by 5?
3
Let h be -3*6/(-42) - 2448/28. Let f = -52 - h. What is the remainder when f is d